{"id":4807,"date":"2021-03-02T10:04:45","date_gmt":"2021-03-02T16:04:45","guid":{"rendered":"https:\/\/migration.asb-latam.org\/?post_type=proyectos&#038;p=4807"},"modified":"2024-06-26T12:23:50","modified_gmt":"2024-06-26T18:23:50","slug":"mds-ca","status":"publish","type":"proyectos","link":"https:\/\/asb-latam.org\/en\/proyectos\/mds-ca\/","title":{"rendered":"Implementaci\u00f3n del Marco de Sendai en Am\u00e9rica Central: Promoci\u00f3n de un enfoque transnacional para fortalecer la inclusi\u00f3n en la preparaci\u00f3n ante desastres a nivel regional, nacional y local (Primera fase)"},"content":{"rendered":"<p><strong><span style=\"text-decoration: underline;\"><em>Consortium of German NGOs:<\/em><\/span><br \/>\n<\/strong>\u2022 ASB<br \/>\n\u2022 AWO<br \/>\n\u2022 CBM<\/p>\n<p><strong><em><span style=\"text-decoration: underline;\">Local partners:<\/span><\/em><br \/>\n<\/strong>\u2022 Nicaragua: FECONORI<br \/>\n\u2022 El Salvador: CORDES<br \/>\n\u2022 Honduras: CUSO, PREPACE<br \/>\n\u2022 Guatemala: ACOPEDIS, ASORO<\/p>\n<p><strong><em><u>Intervention logic:<\/u><\/em><\/strong><\/p>\n<p><span style=\"text-decoration: underline;\"><em><strong>Impact:<\/strong><\/em><\/span><br \/>\nContribute to disaster risk reduction for persons with disabilities by systematically integrating inclusion into humanitarian action and implementing key international guidance.<\/p>\n<p><em><strong><span style=\"text-decoration: underline;\">Overall Outcome:<\/span> <\/strong><\/em><br \/>\nPersons with disabilities and their organizations increase their resilience with the establishment and implementation of guidance on inclusion of persons with disabilities in DRR by the national risk management systems of Central American countries, in accordance with the Sendai Framework and the Central American Disaster Management Policy (PCGIR).<\/p>\n<p><em><strong><span style=\"text-decoration: underline;\">Outcomes:<\/span><\/strong><\/em><\/p>\n<ul>\n<li><strong>Outcome 1:<br \/>\n<\/strong>Families, communities and municipalities increase resilience to disaster risks through replicable risk management measures with the active participation of persons with disabilities.<\/li>\n<li><strong>Outcome 2:<\/strong><br \/>\nOrganizations of persons with disabilities, national risk management systems and other key stakeholders jointly apply good inclusive risk management practices (DiDRR).<\/li>\n<li><strong>Outcome 3:<\/strong><br \/>\nThe interests, experiences and proposals of persons with disabilities are integrated into national and regional disaster risk management processes, strategies and policies.<\/li>\n<\/ul>\n<p><strong><span style=\"text-decoration: underline;\"><em>Value-added elements of the project:<\/em><\/span><br \/>\n<\/strong>\u2022 Multi-level (local, national and regional)<br \/>\n\u2022 Multi-stakeholder (organizations of persons with disabilities from civil society and authorities)<br \/>\n\u2022 Strong participatory character (participatory monitoring elements) and local reference<br \/>\n\u2022 Inclusive Approach (Active inclusion of people with disabilities)<\/p>","protected":false},"excerpt":{"rendered":"<p>Consorcio de ONG alemanas: \u2022 ASB \u2022 AWO \u2022 CBM Contrapartes locales: \u2022 Nicaragua: FECONORI \u2022 El Salvador: [&hellip;]<\/p>\n","protected":false},"featured_media":3677,"template":"","meta":{"_acf_changed":false},"class_list":["post-4807","proyectos","type-proyectos","status-publish","has-post-thumbnail","hentry"],"acf":[],"yoast_head":"<!-- This site is optimized with the Yoast SEO plugin v27.2 - https:\/\/yoast.com\/product\/yoast-seo-wordpress\/ -->\n<title>Implementaci\u00f3n del Marco de Sendai en Am\u00e9rica Central: Promoci\u00f3n de un enfoque transnacional para fortalecer la inclusi\u00f3n en la preparaci\u00f3n ante desastres a nivel regional, nacional y local (Primera fase) - ASB Am\u00e9rica Latina<\/title>\n<meta name=\"robots\" content=\"index, follow, max-snippet:-1, max-image-preview:large, max-video-preview:-1\" \/>\n<link rel=\"canonical\" href=\"https:\/\/asb-latam.org\/en\/proyectos\/mds-ca\/\" \/>\n<meta property=\"og:locale\" content=\"en_US\" \/>\n<meta property=\"og:type\" content=\"article\" \/>\n<meta property=\"og:title\" content=\"Implementaci\u00f3n del Marco de Sendai en Am\u00e9rica Central: Promoci\u00f3n de un enfoque transnacional para fortalecer la inclusi\u00f3n en la preparaci\u00f3n ante desastres a nivel regional, nacional y local (Primera fase) - ASB Am\u00e9rica Latina\" \/>\n<meta property=\"og:description\" content=\"Consorcio de ONG alemanas: \u2022 ASB \u2022 AWO \u2022 CBM Contrapartes locales: \u2022 Nicaragua: FECONORI \u2022 El Salvador: [&hellip;]\" \/>\n<meta property=\"og:url\" content=\"https:\/\/asb-latam.org\/en\/proyectos\/mds-ca\/\" \/>\n<meta property=\"og:site_name\" content=\"ASB Am\u00e9rica Latina\" \/>\n<meta property=\"article:modified_time\" content=\"2024-06-26T18:23:50+00:00\" \/>\n<meta property=\"og:image\" content=\"https:\/\/asb-latam.org\/wp-content\/uploads\/2019\/05\/DSC_0272.jpg\" \/>\n\t<meta property=\"og:image:width\" content=\"1200\" \/>\n\t<meta property=\"og:image:height\" content=\"776\" \/>\n\t<meta property=\"og:image:type\" content=\"image\/jpeg\" \/>\n<meta name=\"twitter:card\" content=\"summary_large_image\" \/>\n<meta name=\"twitter:label1\" content=\"Est. reading time\" \/>\n\t<meta name=\"twitter:data1\" content=\"2 minutes\" \/>\n<script type=\"application\/ld+json\" class=\"yoast-schema-graph\">{\"@context\":\"https:\/\/schema.org\",\"@graph\":[{\"@type\":\"WebPage\",\"@id\":\"https:\/\/asb-latam.org\/proyectos\/mds-ca\/\",\"url\":\"https:\/\/asb-latam.org\/proyectos\/mds-ca\/\",\"name\":\"Implementaci\u00f3n del Marco de Sendai en Am\u00e9rica Central: Promoci\u00f3n de un enfoque transnacional para fortalecer la inclusi\u00f3n en la preparaci\u00f3n ante desastres a nivel regional, nacional y local (Primera fase) - ASB Am\u00e9rica Latina\",\"isPartOf\":{\"@id\":\"https:\/\/asb-latam.org\/#website\"},\"primaryImageOfPage\":{\"@id\":\"https:\/\/asb-latam.org\/proyectos\/mds-ca\/#primaryimage\"},\"image\":{\"@id\":\"https:\/\/asb-latam.org\/proyectos\/mds-ca\/#primaryimage\"},\"thumbnailUrl\":\"https:\/\/asb-latam.org\/wp-content\/uploads\/2019\/05\/DSC_0272.jpg\",\"datePublished\":\"2021-03-02T16:04:45+00:00\",\"dateModified\":\"2024-06-26T18:23:50+00:00\",\"breadcrumb\":{\"@id\":\"https:\/\/asb-latam.org\/proyectos\/mds-ca\/#breadcrumb\"},\"inLanguage\":\"en-US\",\"potentialAction\":[{\"@type\":\"ReadAction\",\"target\":[\"https:\/\/asb-latam.org\/proyectos\/mds-ca\/\"]}]},{\"@type\":\"ImageObject\",\"inLanguage\":\"en-US\",\"@id\":\"https:\/\/asb-latam.org\/proyectos\/mds-ca\/#primaryimage\",\"url\":\"https:\/\/asb-latam.org\/wp-content\/uploads\/2019\/05\/DSC_0272.jpg\",\"contentUrl\":\"https:\/\/asb-latam.org\/wp-content\/uploads\/2019\/05\/DSC_0272.jpg\",\"width\":1200,\"height\":776},{\"@type\":\"BreadcrumbList\",\"@id\":\"https:\/\/asb-latam.org\/proyectos\/mds-ca\/#breadcrumb\",\"itemListElement\":[{\"@type\":\"ListItem\",\"position\":1,\"name\":\"Portada\",\"item\":\"https:\/\/asb-latam.org\/\"},{\"@type\":\"ListItem\",\"position\":2,\"name\":\"Proyectos\",\"item\":\"https:\/\/asb-latam.org\/proyectos\/\"},{\"@type\":\"ListItem\",\"position\":3,\"name\":\"Implementaci\u00f3n del Marco de Sendai en Am\u00e9rica Central: Promoci\u00f3n de un enfoque transnacional para fortalecer la inclusi\u00f3n en la preparaci\u00f3n ante desastres a nivel regional, nacional y local (Primera fase)\"}]},{\"@type\":\"WebSite\",\"@id\":\"https:\/\/asb-latam.org\/#website\",\"url\":\"https:\/\/asb-latam.org\/\",\"name\":\"ASB Am\u00e9rica Latina\",\"description\":\"Ayudamos aqu\u00ed y ahora\",\"potentialAction\":[{\"@type\":\"SearchAction\",\"target\":{\"@type\":\"EntryPoint\",\"urlTemplate\":\"https:\/\/asb-latam.org\/?s={search_term_string}\"},\"query-input\":{\"@type\":\"PropertyValueSpecification\",\"valueRequired\":true,\"valueName\":\"search_term_string\"}}],\"inLanguage\":\"en-US\"}]}<\/script>\n<!-- \/ Yoast SEO plugin. -->","yoast_head_json":{"title":"Implementaci\u00f3n del Marco de Sendai en Am\u00e9rica Central: Promoci\u00f3n de un enfoque transnacional para fortalecer la inclusi\u00f3n en la preparaci\u00f3n ante desastres a nivel regional, nacional y local (Primera fase) - ASB Am\u00e9rica Latina","robots":{"index":"index","follow":"follow","max-snippet":"max-snippet:-1","max-image-preview":"max-image-preview:large","max-video-preview":"max-video-preview:-1"},"canonical":"https:\/\/asb-latam.org\/en\/proyectos\/mds-ca\/","og_locale":"en_US","og_type":"article","og_title":"Implementaci\u00f3n del Marco de Sendai en Am\u00e9rica Central: Promoci\u00f3n de un enfoque transnacional para fortalecer la inclusi\u00f3n en la preparaci\u00f3n ante desastres a nivel regional, nacional y local (Primera fase) - ASB Am\u00e9rica Latina","og_description":"Consorcio de ONG alemanas: \u2022 ASB \u2022 AWO \u2022 CBM Contrapartes locales: \u2022 Nicaragua: FECONORI \u2022 El Salvador: [&hellip;]","og_url":"https:\/\/asb-latam.org\/en\/proyectos\/mds-ca\/","og_site_name":"ASB Am\u00e9rica Latina","article_modified_time":"2024-06-26T18:23:50+00:00","og_image":[{"width":1200,"height":776,"url":"https:\/\/asb-latam.org\/wp-content\/uploads\/2019\/05\/DSC_0272.jpg","type":"image\/jpeg"}],"twitter_card":"summary_large_image","twitter_misc":{"Est. reading time":"2 minutes"},"schema":{"@context":"https:\/\/schema.org","@graph":[{"@type":"WebPage","@id":"https:\/\/asb-latam.org\/proyectos\/mds-ca\/","url":"https:\/\/asb-latam.org\/proyectos\/mds-ca\/","name":"Implementaci\u00f3n del Marco de Sendai en Am\u00e9rica Central: Promoci\u00f3n de un enfoque transnacional para fortalecer la inclusi\u00f3n en la preparaci\u00f3n ante desastres a nivel regional, nacional y local (Primera fase) - ASB Am\u00e9rica Latina","isPartOf":{"@id":"https:\/\/asb-latam.org\/#website"},"primaryImageOfPage":{"@id":"https:\/\/asb-latam.org\/proyectos\/mds-ca\/#primaryimage"},"image":{"@id":"https:\/\/asb-latam.org\/proyectos\/mds-ca\/#primaryimage"},"thumbnailUrl":"https:\/\/asb-latam.org\/wp-content\/uploads\/2019\/05\/DSC_0272.jpg","datePublished":"2021-03-02T16:04:45+00:00","dateModified":"2024-06-26T18:23:50+00:00","breadcrumb":{"@id":"https:\/\/asb-latam.org\/proyectos\/mds-ca\/#breadcrumb"},"inLanguage":"en-US","potentialAction":[{"@type":"ReadAction","target":["https:\/\/asb-latam.org\/proyectos\/mds-ca\/"]}]},{"@type":"ImageObject","inLanguage":"en-US","@id":"https:\/\/asb-latam.org\/proyectos\/mds-ca\/#primaryimage","url":"https:\/\/asb-latam.org\/wp-content\/uploads\/2019\/05\/DSC_0272.jpg","contentUrl":"https:\/\/asb-latam.org\/wp-content\/uploads\/2019\/05\/DSC_0272.jpg","width":1200,"height":776},{"@type":"BreadcrumbList","@id":"https:\/\/asb-latam.org\/proyectos\/mds-ca\/#breadcrumb","itemListElement":[{"@type":"ListItem","position":1,"name":"Portada","item":"https:\/\/asb-latam.org\/"},{"@type":"ListItem","position":2,"name":"Proyectos","item":"https:\/\/asb-latam.org\/proyectos\/"},{"@type":"ListItem","position":3,"name":"Implementaci\u00f3n del Marco de Sendai en Am\u00e9rica Central: Promoci\u00f3n de un enfoque transnacional para fortalecer la inclusi\u00f3n en la preparaci\u00f3n ante desastres a nivel regional, nacional y local (Primera fase)"}]},{"@type":"WebSite","@id":"https:\/\/asb-latam.org\/#website","url":"https:\/\/asb-latam.org\/","name":"ASB Am\u00e9rica Latina","description":"Ayudamos aqu\u00ed y ahora","potentialAction":[{"@type":"SearchAction","target":{"@type":"EntryPoint","urlTemplate":"https:\/\/asb-latam.org\/?s={search_term_string}"},"query-input":{"@type":"PropertyValueSpecification","valueRequired":true,"valueName":"search_term_string"}}],"inLanguage":"en-US"}]}},"_links":{"self":[{"href":"https:\/\/asb-latam.org\/en\/wp-json\/wp\/v2\/proyectos\/4807","targetHints":{"allow":["GET"]}}],"collection":[{"href":"https:\/\/asb-latam.org\/en\/wp-json\/wp\/v2\/proyectos"}],"about":[{"href":"https:\/\/asb-latam.org\/en\/wp-json\/wp\/v2\/types\/proyectos"}],"wp:featuredmedia":[{"embeddable":true,"href":"https:\/\/asb-latam.org\/en\/wp-json\/wp\/v2\/media\/3677"}],"wp:attachment":[{"href":"https:\/\/asb-latam.org\/en\/wp-json\/wp\/v2\/media?parent=4807"}],"curies":[{"name":"wp","href":"https:\/\/api.w.org\/{rel}","templated":true}]}}

Implementación del Marco de Sendai en América Central: Promoción de un enfoque transnacional para fortalecer la inclusión en la preparación ante desastres a nivel regional, nacional y local (Primera fase)

<!-- This site is optimized with the Yoast SEO plugin v27.2 - https://yoast.com/product/yoast-seo-wordpress/ -->
<title>Implementación del Marco de Sendai en América Central: Promoción de un enfoque transnacional para fortalecer la inclusión en la preparación ante desastres a nivel regional, nacional y local (Primera fase) - ASB América Latina</title>
<meta name="robots" content="index, follow, max-snippet:-1, max-image-preview:large, max-video-preview:-1" />
<link rel="canonical" href="https://asb-latam.org/en/proyectos/mds-ca/" />
<meta property="og:locale" content="en_US" />
<meta property="og:type" content="article" />
<meta property="og:title" content="Implementación del Marco de Sendai en América Central: Promoción de un enfoque transnacional para fortalecer la inclusión en la preparación ante desastres a nivel regional, nacional y local (Primera fase) - ASB América Latina" />
<meta property="og:description" content="Consorcio de ONG alemanas: • ASB • AWO • CBM Contrapartes locales: • Nicaragua: FECONORI • El Salvador: [&hellip;]" />
<meta property="og:url" content="https://asb-latam.org/en/proyectos/mds-ca/" />
<meta property="og:site_name" content="ASB América Latina" />
<meta property="article:modified_time" content="2024-06-26T18:23:50+00:00" />
<meta property="og:image" content="https://asb-latam.org/wp-content/uploads/2019/05/DSC_0272.jpg" />
	<meta property="og:image:width" content="1200" />
	<meta property="og:image:height" content="776" />
	<meta property="og:image:type" content="image/jpeg" />
<meta name="twitter:card" content="summary_large_image" />
<meta name="twitter:label1" content="Est. reading time" />
	<meta name="twitter:data1" content="2 minutes" />
<script type="application/ld+json" class="yoast-schema-graph">{"@context":"https://schema.org","@graph":[{"@type":"WebPage","@id":"https://asb-latam.org/proyectos/mds-ca/","url":"https://asb-latam.org/proyectos/mds-ca/","name":"Implementación del Marco de Sendai en América Central: Promoción de un enfoque transnacional para fortalecer la inclusión en la preparación ante desastres a nivel regional, nacional y local (Primera fase) - ASB América Latina","isPartOf":{"@id":"https://asb-latam.org/#website"},"primaryImageOfPage":{"@id":"https://asb-latam.org/proyectos/mds-ca/#primaryimage"},"image":{"@id":"https://asb-latam.org/proyectos/mds-ca/#primaryimage"},"thumbnailUrl":"https://asb-latam.org/wp-content/uploads/2019/05/DSC_0272.jpg","datePublished":"2021-03-02T16:04:45+00:00","dateModified":"2024-06-26T18:23:50+00:00","breadcrumb":{"@id":"https://asb-latam.org/proyectos/mds-ca/#breadcrumb"},"inLanguage":"en-US","potentialAction":[{"@type":"ReadAction","target":["https://asb-latam.org/proyectos/mds-ca/"]}]},{"@type":"ImageObject","inLanguage":"en-US","@id":"https://asb-latam.org/proyectos/mds-ca/#primaryimage","url":"https://asb-latam.org/wp-content/uploads/2019/05/DSC_0272.jpg","contentUrl":"https://asb-latam.org/wp-content/uploads/2019/05/DSC_0272.jpg","width":1200,"height":776},{"@type":"BreadcrumbList","@id":"https://asb-latam.org/proyectos/mds-ca/#breadcrumb","itemListElement":[{"@type":"ListItem","position":1,"name":"Portada","item":"https://asb-latam.org/"},{"@type":"ListItem","position":2,"name":"Proyectos","item":"https://asb-latam.org/proyectos/"},{"@type":"ListItem","position":3,"name":"Implementación del Marco de Sendai en América Central: Promoción de un enfoque transnacional para fortalecer la inclusión en la preparación ante desastres a nivel regional, nacional y local (Primera fase)"}]},{"@type":"WebSite","@id":"https://asb-latam.org/#website","url":"https://asb-latam.org/","name":"ASB América Latina","description":"Ayudamos aquí y ahora","potentialAction":[{"@type":"SearchAction","target":{"@type":"EntryPoint","urlTemplate":"https://asb-latam.org/?s={search_term_string}"},"query-input":{"@type":"PropertyValueSpecification","valueRequired":true,"valueName":"search_term_string"}}],"inLanguage":"en-US"}]}</script>
<!-- / Yoast SEO plugin. -->

Implementación del Marco de Sendai en América Central: Promoción de un enfoque transnacional para fortalecer la inclusión en la preparación ante desastres a nivel regional, nacional y local (Primera fase) - ASB América Latina

ASB América Latina

Ayudamos aquí y ahora
