{"id":2396,"date":"2017-10-09T09:38:01","date_gmt":"2017-10-09T15:38:01","guid":{"rendered":"https:\/\/migration.asb-latam.org\/?post_type=publicaciones&#038;p=2396"},"modified":"2020-02-18T21:19:45","modified_gmt":"2020-02-19T03:19:45","slug":"normas-minimas-la-inclusion-las-personas-discapacidad-adultas-mayores-las-emergencias-los-desastres-adaptacion-centroamerica","status":"publish","type":"publicaciones","link":"https:\/\/asb-latam.org\/en\/publicaciones\/normas-minimas-la-inclusion-las-personas-discapacidad-adultas-mayores-las-emergencias-los-desastres-adaptacion-centroamerica\/","title":{"rendered":"Minimum standards for the inclusion of persons with disabilities and older adults in emergencies and disasters. Adaptation for Central America (Spanish)"},"content":{"rendered":"<p>The Minimum Standards for Age and Disability Inclusion in Humanitarian Action are being developed as part of the Ageing and Disability Capacity Building (ADCAP) programme linked to the Sphere project. In Central America, while the draft of these minimum standards is being validated at the global level, a more summarized version is being presented, also taking into account the structure and content of the Standards for the inclusion, protection and care of persons with disabilities in emergencies and disasters, approved by the Council of Representatives of CEPREDENAC. The rules and actions are accompanied by good practices.<\/p>","protected":false},"excerpt":{"rendered":"<p>Las Normas M\u00ednimas para la Inclusi\u00f3n de la Edad y la Discapacidad en la acci\u00f3n humanitaria se vienen [&hellip;]<\/p>\n","protected":false},"featured_media":2398,"template":"","meta":{"_acf_changed":false},"class_list":["post-2396","publicaciones","type-publicaciones","status-publish","has-post-thumbnail","hentry"],"acf":[],"yoast_head":"<!-- This site is optimized with the Yoast SEO plugin v27.2 - https:\/\/yoast.com\/product\/yoast-seo-wordpress\/ -->\n<title>Normas m\u00ednimas para la inclusi\u00f3n de las personas con discapacidad y adultas mayores en las emergencias y los desastres. Adaptaci\u00f3n para Centroam\u00e9rica - ASB Am\u00e9rica Latina<\/title>\n<meta name=\"robots\" content=\"index, follow, max-snippet:-1, max-image-preview:large, max-video-preview:-1\" \/>\n<link rel=\"canonical\" href=\"https:\/\/asb-latam.org\/en\/publicaciones\/normas-minimas-la-inclusion-las-personas-discapacidad-adultas-mayores-las-emergencias-los-desastres-adaptacion-centroamerica\/\" \/>\n<meta property=\"og:locale\" content=\"en_US\" \/>\n<meta property=\"og:type\" content=\"article\" \/>\n<meta property=\"og:title\" content=\"Normas m\u00ednimas para la inclusi\u00f3n de las personas con discapacidad y adultas mayores en las emergencias y los desastres. Adaptaci\u00f3n para Centroam\u00e9rica - ASB Am\u00e9rica Latina\" \/>\n<meta property=\"og:description\" content=\"Las Normas M\u00ednimas para la Inclusi\u00f3n de la Edad y la Discapacidad en la acci\u00f3n humanitaria se vienen [&hellip;]\" \/>\n<meta property=\"og:url\" content=\"https:\/\/asb-latam.org\/en\/publicaciones\/normas-minimas-la-inclusion-las-personas-discapacidad-adultas-mayores-las-emergencias-los-desastres-adaptacion-centroamerica\/\" \/>\n<meta property=\"og:site_name\" content=\"ASB Am\u00e9rica Latina\" \/>\n<meta property=\"article:modified_time\" content=\"2020-02-19T03:19:45+00:00\" \/>\n<meta property=\"og:image\" content=\"https:\/\/migration.asb-latam.org\/wp-content\/uploads\/2017\/10\/normas-minimas.png\" \/>\n\t<meta property=\"og:image:width\" content=\"427\" \/>\n\t<meta property=\"og:image:height\" content=\"256\" \/>\n\t<meta property=\"og:image:type\" content=\"image\/png\" \/>\n<meta name=\"twitter:card\" content=\"summary_large_image\" \/>\n<meta name=\"twitter:label1\" content=\"Est. reading time\" \/>\n\t<meta name=\"twitter:data1\" content=\"1 minute\" \/>\n<script type=\"application\/ld+json\" class=\"yoast-schema-graph\">{\"@context\":\"https:\/\/schema.org\",\"@graph\":[{\"@type\":\"WebPage\",\"@id\":\"https:\/\/asb-latam.org\/publicaciones\/normas-minimas-la-inclusion-las-personas-discapacidad-adultas-mayores-las-emergencias-los-desastres-adaptacion-centroamerica\/\",\"url\":\"https:\/\/asb-latam.org\/publicaciones\/normas-minimas-la-inclusion-las-personas-discapacidad-adultas-mayores-las-emergencias-los-desastres-adaptacion-centroamerica\/\",\"name\":\"Normas m\u00ednimas para la inclusi\u00f3n de las personas con discapacidad y adultas mayores en las emergencias y los desastres. Adaptaci\u00f3n para Centroam\u00e9rica - ASB Am\u00e9rica Latina\",\"isPartOf\":{\"@id\":\"https:\/\/asb-latam.org\/#website\"},\"primaryImageOfPage\":{\"@id\":\"https:\/\/asb-latam.org\/publicaciones\/normas-minimas-la-inclusion-las-personas-discapacidad-adultas-mayores-las-emergencias-los-desastres-adaptacion-centroamerica\/#primaryimage\"},\"image\":{\"@id\":\"https:\/\/asb-latam.org\/publicaciones\/normas-minimas-la-inclusion-las-personas-discapacidad-adultas-mayores-las-emergencias-los-desastres-adaptacion-centroamerica\/#primaryimage\"},\"thumbnailUrl\":\"https:\/\/asb-latam.org\/wp-content\/uploads\/2017\/10\/normas-minimas.png\",\"datePublished\":\"2017-10-09T15:38:01+00:00\",\"dateModified\":\"2020-02-19T03:19:45+00:00\",\"breadcrumb\":{\"@id\":\"https:\/\/asb-latam.org\/publicaciones\/normas-minimas-la-inclusion-las-personas-discapacidad-adultas-mayores-las-emergencias-los-desastres-adaptacion-centroamerica\/#breadcrumb\"},\"inLanguage\":\"en-US\",\"potentialAction\":[{\"@type\":\"ReadAction\",\"target\":[\"https:\/\/asb-latam.org\/publicaciones\/normas-minimas-la-inclusion-las-personas-discapacidad-adultas-mayores-las-emergencias-los-desastres-adaptacion-centroamerica\/\"]}]},{\"@type\":\"ImageObject\",\"inLanguage\":\"en-US\",\"@id\":\"https:\/\/asb-latam.org\/publicaciones\/normas-minimas-la-inclusion-las-personas-discapacidad-adultas-mayores-las-emergencias-los-desastres-adaptacion-centroamerica\/#primaryimage\",\"url\":\"https:\/\/asb-latam.org\/wp-content\/uploads\/2017\/10\/normas-minimas.png\",\"contentUrl\":\"https:\/\/asb-latam.org\/wp-content\/uploads\/2017\/10\/normas-minimas.png\",\"width\":\"427\",\"height\":\"256\"},{\"@type\":\"BreadcrumbList\",\"@id\":\"https:\/\/asb-latam.org\/publicaciones\/normas-minimas-la-inclusion-las-personas-discapacidad-adultas-mayores-las-emergencias-los-desastres-adaptacion-centroamerica\/#breadcrumb\",\"itemListElement\":[{\"@type\":\"ListItem\",\"position\":1,\"name\":\"Portada\",\"item\":\"https:\/\/asb-latam.org\/\"},{\"@type\":\"ListItem\",\"position\":2,\"name\":\"Publicaciones\",\"item\":\"https:\/\/asb-latam.org\/publicaciones\/\"},{\"@type\":\"ListItem\",\"position\":3,\"name\":\"Normas m\u00ednimas para la inclusi\u00f3n de las personas con discapacidad y adultas mayores en las emergencias y los desastres. Adaptaci\u00f3n para Centroam\u00e9rica\"}]},{\"@type\":\"WebSite\",\"@id\":\"https:\/\/asb-latam.org\/#website\",\"url\":\"https:\/\/asb-latam.org\/\",\"name\":\"ASB Am\u00e9rica Latina\",\"description\":\"Ayudamos aqu\u00ed y ahora\",\"potentialAction\":[{\"@type\":\"SearchAction\",\"target\":{\"@type\":\"EntryPoint\",\"urlTemplate\":\"https:\/\/asb-latam.org\/?s={search_term_string}\"},\"query-input\":{\"@type\":\"PropertyValueSpecification\",\"valueRequired\":true,\"valueName\":\"search_term_string\"}}],\"inLanguage\":\"en-US\"}]}<\/script>\n<!-- \/ Yoast SEO plugin. -->","yoast_head_json":{"title":"Normas m\u00ednimas para la inclusi\u00f3n de las personas con discapacidad y adultas mayores en las emergencias y los desastres. Adaptaci\u00f3n para Centroam\u00e9rica - ASB Am\u00e9rica Latina","robots":{"index":"index","follow":"follow","max-snippet":"max-snippet:-1","max-image-preview":"max-image-preview:large","max-video-preview":"max-video-preview:-1"},"canonical":"https:\/\/asb-latam.org\/en\/publicaciones\/normas-minimas-la-inclusion-las-personas-discapacidad-adultas-mayores-las-emergencias-los-desastres-adaptacion-centroamerica\/","og_locale":"en_US","og_type":"article","og_title":"Normas m\u00ednimas para la inclusi\u00f3n de las personas con discapacidad y adultas mayores en las emergencias y los desastres. Adaptaci\u00f3n para Centroam\u00e9rica - ASB Am\u00e9rica Latina","og_description":"Las Normas M\u00ednimas para la Inclusi\u00f3n de la Edad y la Discapacidad en la acci\u00f3n humanitaria se vienen [&hellip;]","og_url":"https:\/\/asb-latam.org\/en\/publicaciones\/normas-minimas-la-inclusion-las-personas-discapacidad-adultas-mayores-las-emergencias-los-desastres-adaptacion-centroamerica\/","og_site_name":"ASB Am\u00e9rica Latina","article_modified_time":"2020-02-19T03:19:45+00:00","og_image":[{"width":427,"height":256,"url":"https:\/\/migration.asb-latam.org\/wp-content\/uploads\/2017\/10\/normas-minimas.png","type":"image\/png"}],"twitter_card":"summary_large_image","twitter_misc":{"Est. reading time":"1 minute"},"schema":{"@context":"https:\/\/schema.org","@graph":[{"@type":"WebPage","@id":"https:\/\/asb-latam.org\/publicaciones\/normas-minimas-la-inclusion-las-personas-discapacidad-adultas-mayores-las-emergencias-los-desastres-adaptacion-centroamerica\/","url":"https:\/\/asb-latam.org\/publicaciones\/normas-minimas-la-inclusion-las-personas-discapacidad-adultas-mayores-las-emergencias-los-desastres-adaptacion-centroamerica\/","name":"Normas m\u00ednimas para la inclusi\u00f3n de las personas con discapacidad y adultas mayores en las emergencias y los desastres. Adaptaci\u00f3n para Centroam\u00e9rica - ASB Am\u00e9rica Latina","isPartOf":{"@id":"https:\/\/asb-latam.org\/#website"},"primaryImageOfPage":{"@id":"https:\/\/asb-latam.org\/publicaciones\/normas-minimas-la-inclusion-las-personas-discapacidad-adultas-mayores-las-emergencias-los-desastres-adaptacion-centroamerica\/#primaryimage"},"image":{"@id":"https:\/\/asb-latam.org\/publicaciones\/normas-minimas-la-inclusion-las-personas-discapacidad-adultas-mayores-las-emergencias-los-desastres-adaptacion-centroamerica\/#primaryimage"},"thumbnailUrl":"https:\/\/asb-latam.org\/wp-content\/uploads\/2017\/10\/normas-minimas.png","datePublished":"2017-10-09T15:38:01+00:00","dateModified":"2020-02-19T03:19:45+00:00","breadcrumb":{"@id":"https:\/\/asb-latam.org\/publicaciones\/normas-minimas-la-inclusion-las-personas-discapacidad-adultas-mayores-las-emergencias-los-desastres-adaptacion-centroamerica\/#breadcrumb"},"inLanguage":"en-US","potentialAction":[{"@type":"ReadAction","target":["https:\/\/asb-latam.org\/publicaciones\/normas-minimas-la-inclusion-las-personas-discapacidad-adultas-mayores-las-emergencias-los-desastres-adaptacion-centroamerica\/"]}]},{"@type":"ImageObject","inLanguage":"en-US","@id":"https:\/\/asb-latam.org\/publicaciones\/normas-minimas-la-inclusion-las-personas-discapacidad-adultas-mayores-las-emergencias-los-desastres-adaptacion-centroamerica\/#primaryimage","url":"https:\/\/asb-latam.org\/wp-content\/uploads\/2017\/10\/normas-minimas.png","contentUrl":"https:\/\/asb-latam.org\/wp-content\/uploads\/2017\/10\/normas-minimas.png","width":"427","height":"256"},{"@type":"BreadcrumbList","@id":"https:\/\/asb-latam.org\/publicaciones\/normas-minimas-la-inclusion-las-personas-discapacidad-adultas-mayores-las-emergencias-los-desastres-adaptacion-centroamerica\/#breadcrumb","itemListElement":[{"@type":"ListItem","position":1,"name":"Portada","item":"https:\/\/asb-latam.org\/"},{"@type":"ListItem","position":2,"name":"Publicaciones","item":"https:\/\/asb-latam.org\/publicaciones\/"},{"@type":"ListItem","position":3,"name":"Normas m\u00ednimas para la inclusi\u00f3n de las personas con discapacidad y adultas mayores en las emergencias y los desastres. Adaptaci\u00f3n para Centroam\u00e9rica"}]},{"@type":"WebSite","@id":"https:\/\/asb-latam.org\/#website","url":"https:\/\/asb-latam.org\/","name":"ASB Am\u00e9rica Latina","description":"Ayudamos aqu\u00ed y ahora","potentialAction":[{"@type":"SearchAction","target":{"@type":"EntryPoint","urlTemplate":"https:\/\/asb-latam.org\/?s={search_term_string}"},"query-input":{"@type":"PropertyValueSpecification","valueRequired":true,"valueName":"search_term_string"}}],"inLanguage":"en-US"}]}},"_links":{"self":[{"href":"https:\/\/asb-latam.org\/en\/wp-json\/wp\/v2\/publicaciones\/2396","targetHints":{"allow":["GET"]}}],"collection":[{"href":"https:\/\/asb-latam.org\/en\/wp-json\/wp\/v2\/publicaciones"}],"about":[{"href":"https:\/\/asb-latam.org\/en\/wp-json\/wp\/v2\/types\/publicaciones"}],"wp:featuredmedia":[{"embeddable":true,"href":"https:\/\/asb-latam.org\/en\/wp-json\/wp\/v2\/media\/2398"}],"wp:attachment":[{"href":"https:\/\/asb-latam.org\/en\/wp-json\/wp\/v2\/media?parent=2396"}],"curies":[{"name":"wp","href":"https:\/\/api.w.org\/{rel}","templated":true}]}}

<p>Las Normas Mínimas para la Inclusión de la Edad y la Discapacidad en la acción humanitaria se vienen [&hellip;]</p>

<!-- This site is optimized with the Yoast SEO plugin v27.2 - https://yoast.com/product/yoast-seo-wordpress/ -->
<title>Normas mínimas para la inclusión de las personas con discapacidad y adultas mayores en las emergencias y los desastres. Adaptación para Centroamérica - ASB América Latina</title>
<meta name="robots" content="index, follow, max-snippet:-1, max-image-preview:large, max-video-preview:-1" />
<link rel="canonical" href="https://asb-latam.org/en/publicaciones/normas-minimas-la-inclusion-las-personas-discapacidad-adultas-mayores-las-emergencias-los-desastres-adaptacion-centroamerica/" />
<meta property="og:locale" content="en_US" />
<meta property="og:type" content="article" />
<meta property="og:title" content="Normas mínimas para la inclusión de las personas con discapacidad y adultas mayores en las emergencias y los desastres. Adaptación para Centroamérica - ASB América Latina" />
<meta property="og:description" content="Las Normas Mínimas para la Inclusión de la Edad y la Discapacidad en la acción humanitaria se vienen [&hellip;]" />
<meta property="og:url" content="https://asb-latam.org/en/publicaciones/normas-minimas-la-inclusion-las-personas-discapacidad-adultas-mayores-las-emergencias-los-desastres-adaptacion-centroamerica/" />
<meta property="og:site_name" content="ASB América Latina" />
<meta property="article:modified_time" content="2020-02-19T03:19:45+00:00" />
<meta property="og:image" content="https://migration.asb-latam.org/wp-content/uploads/2017/10/normas-minimas.png" />
	<meta property="og:image:width" content="427" />
	<meta property="og:image:height" content="256" />
	<meta property="og:image:type" content="image/png" />
<meta name="twitter:card" content="summary_large_image" />
<meta name="twitter:label1" content="Est. reading time" />
	<meta name="twitter:data1" content="1 minute" />
<script type="application/ld+json" class="yoast-schema-graph">{"@context":"https://schema.org","@graph":[{"@type":"WebPage","@id":"https://asb-latam.org/publicaciones/normas-minimas-la-inclusion-las-personas-discapacidad-adultas-mayores-las-emergencias-los-desastres-adaptacion-centroamerica/","url":"https://asb-latam.org/publicaciones/normas-minimas-la-inclusion-las-personas-discapacidad-adultas-mayores-las-emergencias-los-desastres-adaptacion-centroamerica/","name":"Normas mínimas para la inclusión de las personas con discapacidad y adultas mayores en las emergencias y los desastres. Adaptación para Centroamérica - ASB América Latina","isPartOf":{"@id":"https://asb-latam.org/#website"},"primaryImageOfPage":{"@id":"https://asb-latam.org/publicaciones/normas-minimas-la-inclusion-las-personas-discapacidad-adultas-mayores-las-emergencias-los-desastres-adaptacion-centroamerica/#primaryimage"},"image":{"@id":"https://asb-latam.org/publicaciones/normas-minimas-la-inclusion-las-personas-discapacidad-adultas-mayores-las-emergencias-los-desastres-adaptacion-centroamerica/#primaryimage"},"thumbnailUrl":"https://asb-latam.org/wp-content/uploads/2017/10/normas-minimas.png","datePublished":"2017-10-09T15:38:01+00:00","dateModified":"2020-02-19T03:19:45+00:00","breadcrumb":{"@id":"https://asb-latam.org/publicaciones/normas-minimas-la-inclusion-las-personas-discapacidad-adultas-mayores-las-emergencias-los-desastres-adaptacion-centroamerica/#breadcrumb"},"inLanguage":"en-US","potentialAction":[{"@type":"ReadAction","target":["https://asb-latam.org/publicaciones/normas-minimas-la-inclusion-las-personas-discapacidad-adultas-mayores-las-emergencias-los-desastres-adaptacion-centroamerica/"]}]},{"@type":"ImageObject","inLanguage":"en-US","@id":"https://asb-latam.org/publicaciones/normas-minimas-la-inclusion-las-personas-discapacidad-adultas-mayores-las-emergencias-los-desastres-adaptacion-centroamerica/#primaryimage","url":"https://asb-latam.org/wp-content/uploads/2017/10/normas-minimas.png","contentUrl":"https://asb-latam.org/wp-content/uploads/2017/10/normas-minimas.png","width":"427","height":"256"},{"@type":"BreadcrumbList","@id":"https://asb-latam.org/publicaciones/normas-minimas-la-inclusion-las-personas-discapacidad-adultas-mayores-las-emergencias-los-desastres-adaptacion-centroamerica/#breadcrumb","itemListElement":[{"@type":"ListItem","position":1,"name":"Portada","item":"https://asb-latam.org/"},{"@type":"ListItem","position":2,"name":"Publicaciones","item":"https://asb-latam.org/publicaciones/"},{"@type":"ListItem","position":3,"name":"Normas mínimas para la inclusión de las personas con discapacidad y adultas mayores en las emergencias y los desastres. Adaptación para Centroamérica"}]},{"@type":"WebSite","@id":"https://asb-latam.org/#website","url":"https://asb-latam.org/","name":"ASB América Latina","description":"Ayudamos aquí y ahora","potentialAction":[{"@type":"SearchAction","target":{"@type":"EntryPoint","urlTemplate":"https://asb-latam.org/?s={search_term_string}"},"query-input":{"@type":"PropertyValueSpecification","valueRequired":true,"valueName":"search_term_string"}}],"inLanguage":"en-US"}]}</script>
<!-- / Yoast SEO plugin. -->

Normas mínimas para la inclusión de las personas con discapacidad y adultas mayores en las emergencias y los desastres. Adaptación para Centroamérica - ASB América Latina

Las Normas Mínimas para la Inclusión de la Edad y la Discapacidad en la acción humanitaria se vienen [&hellip;]

ASB América Latina

Normas mínimas para la inclusión de las personas con discapacidad y adultas mayores en las emergencias y los desastres. Adaptación para Centroamérica

Ayudamos aquí y ahora
