{"id":3854,"date":"2019-10-01T10:48:39","date_gmt":"2019-10-01T16:48:39","guid":{"rendered":"https:\/\/migration.asb-latam.org\/?post_type=publicaciones&#038;p=3854"},"modified":"2020-02-18T18:28:20","modified_gmt":"2020-02-19T00:28:20","slug":"sistematizacion-de-experiencias-del-proyecto-inclusion-de-personas-con-discapacidad-y-adultos-mayores-en-la-gestion-gel-riesgo-de-desastres-en-ca","status":"publish","type":"publicaciones","link":"https:\/\/asb-latam.org\/en\/publicaciones\/sistematizacion-de-experiencias-del-proyecto-inclusion-de-personas-con-discapacidad-y-adultos-mayores-en-la-gestion-gel-riesgo-de-desastres-en-ca\/","title":{"rendered":"Systematization of project experiences: Inclusion of people with disabilities and older adults in disaster risk reduction in CA (Spanish)"},"content":{"rendered":"<p>This document gathers twelve experiences that were part of the products of the regional project, which allows the sharing of the process and the main lessons learned among the various actors, groups and individuals who were involved in each of the actions implemented by the project in the four countries. In each of the experiences, background information is identified, as well as a description of the experience, its impact, relevance, challenges for sustainability and the replication character that it may have for other actors in order to advance the strategic objectives of these sectors in inclusive risk management. In this way, this document and its systematized experiences are intended to influence or contribute to the continued motivation of exchange with other local, national and international actors interested in inclusion and the generation of change.<\/p>","protected":false},"excerpt":{"rendered":"<p>El presente documento recoge doce experiencias que fueron parte de los productos del proyecto regional, que permite compartir [&hellip;]<\/p>\n","protected":false},"featured_media":3856,"template":"","meta":{"_acf_changed":false},"class_list":["post-3854","publicaciones","type-publicaciones","status-publish","has-post-thumbnail","hentry"],"acf":[],"yoast_head":"<!-- This site is optimized with the Yoast SEO plugin v27.2 - https:\/\/yoast.com\/product\/yoast-seo-wordpress\/ -->\n<title>Sistematizaci\u00f3n de experiencias del proyecto: Inclusi\u00f3n de personas con discapacidad y adultos mayores en la gesti\u00f3n del riesgo de desastres en CA - ASB Am\u00e9rica Latina<\/title>\n<meta name=\"robots\" content=\"index, follow, max-snippet:-1, max-image-preview:large, max-video-preview:-1\" \/>\n<link rel=\"canonical\" href=\"https:\/\/asb-latam.org\/en\/publicaciones\/sistematizacion-de-experiencias-del-proyecto-inclusion-de-personas-con-discapacidad-y-adultos-mayores-en-la-gestion-gel-riesgo-de-desastres-en-ca\/\" \/>\n<meta property=\"og:locale\" content=\"en_US\" \/>\n<meta property=\"og:type\" content=\"article\" \/>\n<meta property=\"og:title\" content=\"Sistematizaci\u00f3n de experiencias del proyecto: Inclusi\u00f3n de personas con discapacidad y adultos mayores en la gesti\u00f3n del riesgo de desastres en CA - ASB Am\u00e9rica Latina\" \/>\n<meta property=\"og:description\" content=\"El presente documento recoge doce experiencias que fueron parte de los productos del proyecto regional, que permite compartir [&hellip;]\" \/>\n<meta property=\"og:url\" content=\"https:\/\/asb-latam.org\/en\/publicaciones\/sistematizacion-de-experiencias-del-proyecto-inclusion-de-personas-con-discapacidad-y-adultos-mayores-en-la-gestion-gel-riesgo-de-desastres-en-ca\/\" \/>\n<meta property=\"og:site_name\" content=\"ASB Am\u00e9rica Latina\" \/>\n<meta property=\"article:modified_time\" content=\"2020-02-19T00:28:20+00:00\" \/>\n<meta property=\"og:image\" content=\"https:\/\/migration.asb-latam.org\/wp-content\/uploads\/2019\/10\/Sistematizacion-foto.jpg\" \/>\n\t<meta property=\"og:image:width\" content=\"1264\" \/>\n\t<meta property=\"og:image:height\" content=\"599\" \/>\n\t<meta property=\"og:image:type\" content=\"image\/jpeg\" \/>\n<meta name=\"twitter:card\" content=\"summary_large_image\" \/>\n<meta name=\"twitter:label1\" content=\"Est. reading time\" \/>\n\t<meta name=\"twitter:data1\" content=\"1 minute\" \/>\n<script type=\"application\/ld+json\" class=\"yoast-schema-graph\">{\"@context\":\"https:\/\/schema.org\",\"@graph\":[{\"@type\":\"WebPage\",\"@id\":\"https:\/\/asb-latam.org\/publicaciones\/sistematizacion-de-experiencias-del-proyecto-inclusion-de-personas-con-discapacidad-y-adultos-mayores-en-la-gestion-gel-riesgo-de-desastres-en-ca\/\",\"url\":\"https:\/\/asb-latam.org\/publicaciones\/sistematizacion-de-experiencias-del-proyecto-inclusion-de-personas-con-discapacidad-y-adultos-mayores-en-la-gestion-gel-riesgo-de-desastres-en-ca\/\",\"name\":\"Sistematizaci\u00f3n de experiencias del proyecto: Inclusi\u00f3n de personas con discapacidad y adultos mayores en la gesti\u00f3n del riesgo de desastres en CA - ASB Am\u00e9rica Latina\",\"isPartOf\":{\"@id\":\"https:\/\/asb-latam.org\/#website\"},\"primaryImageOfPage\":{\"@id\":\"https:\/\/asb-latam.org\/publicaciones\/sistematizacion-de-experiencias-del-proyecto-inclusion-de-personas-con-discapacidad-y-adultos-mayores-en-la-gestion-gel-riesgo-de-desastres-en-ca\/#primaryimage\"},\"image\":{\"@id\":\"https:\/\/asb-latam.org\/publicaciones\/sistematizacion-de-experiencias-del-proyecto-inclusion-de-personas-con-discapacidad-y-adultos-mayores-en-la-gestion-gel-riesgo-de-desastres-en-ca\/#primaryimage\"},\"thumbnailUrl\":\"https:\/\/asb-latam.org\/wp-content\/uploads\/2019\/10\/Sistematizacion-foto.jpg\",\"datePublished\":\"2019-10-01T16:48:39+00:00\",\"dateModified\":\"2020-02-19T00:28:20+00:00\",\"breadcrumb\":{\"@id\":\"https:\/\/asb-latam.org\/publicaciones\/sistematizacion-de-experiencias-del-proyecto-inclusion-de-personas-con-discapacidad-y-adultos-mayores-en-la-gestion-gel-riesgo-de-desastres-en-ca\/#breadcrumb\"},\"inLanguage\":\"en-US\",\"potentialAction\":[{\"@type\":\"ReadAction\",\"target\":[\"https:\/\/asb-latam.org\/publicaciones\/sistematizacion-de-experiencias-del-proyecto-inclusion-de-personas-con-discapacidad-y-adultos-mayores-en-la-gestion-gel-riesgo-de-desastres-en-ca\/\"]}]},{\"@type\":\"ImageObject\",\"inLanguage\":\"en-US\",\"@id\":\"https:\/\/asb-latam.org\/publicaciones\/sistematizacion-de-experiencias-del-proyecto-inclusion-de-personas-con-discapacidad-y-adultos-mayores-en-la-gestion-gel-riesgo-de-desastres-en-ca\/#primaryimage\",\"url\":\"https:\/\/asb-latam.org\/wp-content\/uploads\/2019\/10\/Sistematizacion-foto.jpg\",\"contentUrl\":\"https:\/\/asb-latam.org\/wp-content\/uploads\/2019\/10\/Sistematizacion-foto.jpg\",\"width\":1264,\"height\":599},{\"@type\":\"BreadcrumbList\",\"@id\":\"https:\/\/asb-latam.org\/publicaciones\/sistematizacion-de-experiencias-del-proyecto-inclusion-de-personas-con-discapacidad-y-adultos-mayores-en-la-gestion-gel-riesgo-de-desastres-en-ca\/#breadcrumb\",\"itemListElement\":[{\"@type\":\"ListItem\",\"position\":1,\"name\":\"Portada\",\"item\":\"https:\/\/asb-latam.org\/\"},{\"@type\":\"ListItem\",\"position\":2,\"name\":\"Publicaciones\",\"item\":\"https:\/\/asb-latam.org\/publicaciones\/\"},{\"@type\":\"ListItem\",\"position\":3,\"name\":\"Sistematizaci\u00f3n de experiencias del proyecto: Inclusi\u00f3n de personas con discapacidad y adultos mayores en la gesti\u00f3n del riesgo de desastres en CA\"}]},{\"@type\":\"WebSite\",\"@id\":\"https:\/\/asb-latam.org\/#website\",\"url\":\"https:\/\/asb-latam.org\/\",\"name\":\"ASB Am\u00e9rica Latina\",\"description\":\"Ayudamos aqu\u00ed y ahora\",\"potentialAction\":[{\"@type\":\"SearchAction\",\"target\":{\"@type\":\"EntryPoint\",\"urlTemplate\":\"https:\/\/asb-latam.org\/?s={search_term_string}\"},\"query-input\":{\"@type\":\"PropertyValueSpecification\",\"valueRequired\":true,\"valueName\":\"search_term_string\"}}],\"inLanguage\":\"en-US\"}]}<\/script>\n<!-- \/ Yoast SEO plugin. -->","yoast_head_json":{"title":"Sistematizaci\u00f3n de experiencias del proyecto: Inclusi\u00f3n de personas con discapacidad y adultos mayores en la gesti\u00f3n del riesgo de desastres en CA - ASB Am\u00e9rica Latina","robots":{"index":"index","follow":"follow","max-snippet":"max-snippet:-1","max-image-preview":"max-image-preview:large","max-video-preview":"max-video-preview:-1"},"canonical":"https:\/\/asb-latam.org\/en\/publicaciones\/sistematizacion-de-experiencias-del-proyecto-inclusion-de-personas-con-discapacidad-y-adultos-mayores-en-la-gestion-gel-riesgo-de-desastres-en-ca\/","og_locale":"en_US","og_type":"article","og_title":"Sistematizaci\u00f3n de experiencias del proyecto: Inclusi\u00f3n de personas con discapacidad y adultos mayores en la gesti\u00f3n del riesgo de desastres en CA - ASB Am\u00e9rica Latina","og_description":"El presente documento recoge doce experiencias que fueron parte de los productos del proyecto regional, que permite compartir [&hellip;]","og_url":"https:\/\/asb-latam.org\/en\/publicaciones\/sistematizacion-de-experiencias-del-proyecto-inclusion-de-personas-con-discapacidad-y-adultos-mayores-en-la-gestion-gel-riesgo-de-desastres-en-ca\/","og_site_name":"ASB Am\u00e9rica Latina","article_modified_time":"2020-02-19T00:28:20+00:00","og_image":[{"width":1264,"height":599,"url":"https:\/\/migration.asb-latam.org\/wp-content\/uploads\/2019\/10\/Sistematizacion-foto.jpg","type":"image\/jpeg"}],"twitter_card":"summary_large_image","twitter_misc":{"Est. reading time":"1 minute"},"schema":{"@context":"https:\/\/schema.org","@graph":[{"@type":"WebPage","@id":"https:\/\/asb-latam.org\/publicaciones\/sistematizacion-de-experiencias-del-proyecto-inclusion-de-personas-con-discapacidad-y-adultos-mayores-en-la-gestion-gel-riesgo-de-desastres-en-ca\/","url":"https:\/\/asb-latam.org\/publicaciones\/sistematizacion-de-experiencias-del-proyecto-inclusion-de-personas-con-discapacidad-y-adultos-mayores-en-la-gestion-gel-riesgo-de-desastres-en-ca\/","name":"Sistematizaci\u00f3n de experiencias del proyecto: Inclusi\u00f3n de personas con discapacidad y adultos mayores en la gesti\u00f3n del riesgo de desastres en CA - ASB Am\u00e9rica Latina","isPartOf":{"@id":"https:\/\/asb-latam.org\/#website"},"primaryImageOfPage":{"@id":"https:\/\/asb-latam.org\/publicaciones\/sistematizacion-de-experiencias-del-proyecto-inclusion-de-personas-con-discapacidad-y-adultos-mayores-en-la-gestion-gel-riesgo-de-desastres-en-ca\/#primaryimage"},"image":{"@id":"https:\/\/asb-latam.org\/publicaciones\/sistematizacion-de-experiencias-del-proyecto-inclusion-de-personas-con-discapacidad-y-adultos-mayores-en-la-gestion-gel-riesgo-de-desastres-en-ca\/#primaryimage"},"thumbnailUrl":"https:\/\/asb-latam.org\/wp-content\/uploads\/2019\/10\/Sistematizacion-foto.jpg","datePublished":"2019-10-01T16:48:39+00:00","dateModified":"2020-02-19T00:28:20+00:00","breadcrumb":{"@id":"https:\/\/asb-latam.org\/publicaciones\/sistematizacion-de-experiencias-del-proyecto-inclusion-de-personas-con-discapacidad-y-adultos-mayores-en-la-gestion-gel-riesgo-de-desastres-en-ca\/#breadcrumb"},"inLanguage":"en-US","potentialAction":[{"@type":"ReadAction","target":["https:\/\/asb-latam.org\/publicaciones\/sistematizacion-de-experiencias-del-proyecto-inclusion-de-personas-con-discapacidad-y-adultos-mayores-en-la-gestion-gel-riesgo-de-desastres-en-ca\/"]}]},{"@type":"ImageObject","inLanguage":"en-US","@id":"https:\/\/asb-latam.org\/publicaciones\/sistematizacion-de-experiencias-del-proyecto-inclusion-de-personas-con-discapacidad-y-adultos-mayores-en-la-gestion-gel-riesgo-de-desastres-en-ca\/#primaryimage","url":"https:\/\/asb-latam.org\/wp-content\/uploads\/2019\/10\/Sistematizacion-foto.jpg","contentUrl":"https:\/\/asb-latam.org\/wp-content\/uploads\/2019\/10\/Sistematizacion-foto.jpg","width":1264,"height":599},{"@type":"BreadcrumbList","@id":"https:\/\/asb-latam.org\/publicaciones\/sistematizacion-de-experiencias-del-proyecto-inclusion-de-personas-con-discapacidad-y-adultos-mayores-en-la-gestion-gel-riesgo-de-desastres-en-ca\/#breadcrumb","itemListElement":[{"@type":"ListItem","position":1,"name":"Portada","item":"https:\/\/asb-latam.org\/"},{"@type":"ListItem","position":2,"name":"Publicaciones","item":"https:\/\/asb-latam.org\/publicaciones\/"},{"@type":"ListItem","position":3,"name":"Sistematizaci\u00f3n de experiencias del proyecto: Inclusi\u00f3n de personas con discapacidad y adultos mayores en la gesti\u00f3n del riesgo de desastres en CA"}]},{"@type":"WebSite","@id":"https:\/\/asb-latam.org\/#website","url":"https:\/\/asb-latam.org\/","name":"ASB Am\u00e9rica Latina","description":"Ayudamos aqu\u00ed y ahora","potentialAction":[{"@type":"SearchAction","target":{"@type":"EntryPoint","urlTemplate":"https:\/\/asb-latam.org\/?s={search_term_string}"},"query-input":{"@type":"PropertyValueSpecification","valueRequired":true,"valueName":"search_term_string"}}],"inLanguage":"en-US"}]}},"_links":{"self":[{"href":"https:\/\/asb-latam.org\/en\/wp-json\/wp\/v2\/publicaciones\/3854","targetHints":{"allow":["GET"]}}],"collection":[{"href":"https:\/\/asb-latam.org\/en\/wp-json\/wp\/v2\/publicaciones"}],"about":[{"href":"https:\/\/asb-latam.org\/en\/wp-json\/wp\/v2\/types\/publicaciones"}],"wp:featuredmedia":[{"embeddable":true,"href":"https:\/\/asb-latam.org\/en\/wp-json\/wp\/v2\/media\/3856"}],"wp:attachment":[{"href":"https:\/\/asb-latam.org\/en\/wp-json\/wp\/v2\/media?parent=3854"}],"curies":[{"name":"wp","href":"https:\/\/api.w.org\/{rel}","templated":true}]}}

<!-- This site is optimized with the Yoast SEO plugin v27.2 - https://yoast.com/product/yoast-seo-wordpress/ -->
<title>Sistematización de experiencias del proyecto: Inclusión de personas con discapacidad y adultos mayores en la gestión del riesgo de desastres en CA - ASB América Latina</title>
<meta name="robots" content="index, follow, max-snippet:-1, max-image-preview:large, max-video-preview:-1" />
<link rel="canonical" href="https://asb-latam.org/en/publicaciones/sistematizacion-de-experiencias-del-proyecto-inclusion-de-personas-con-discapacidad-y-adultos-mayores-en-la-gestion-gel-riesgo-de-desastres-en-ca/" />
<meta property="og:locale" content="en_US" />
<meta property="og:type" content="article" />
<meta property="og:title" content="Sistematización de experiencias del proyecto: Inclusión de personas con discapacidad y adultos mayores en la gestión del riesgo de desastres en CA - ASB América Latina" />
<meta property="og:description" content="El presente documento recoge doce experiencias que fueron parte de los productos del proyecto regional, que permite compartir [&hellip;]" />
<meta property="og:url" content="https://asb-latam.org/en/publicaciones/sistematizacion-de-experiencias-del-proyecto-inclusion-de-personas-con-discapacidad-y-adultos-mayores-en-la-gestion-gel-riesgo-de-desastres-en-ca/" />
<meta property="og:site_name" content="ASB América Latina" />
<meta property="article:modified_time" content="2020-02-19T00:28:20+00:00" />
<meta property="og:image" content="https://migration.asb-latam.org/wp-content/uploads/2019/10/Sistematizacion-foto.jpg" />
	<meta property="og:image:width" content="1264" />
	<meta property="og:image:height" content="599" />
	<meta property="og:image:type" content="image/jpeg" />
<meta name="twitter:card" content="summary_large_image" />
<meta name="twitter:label1" content="Est. reading time" />
	<meta name="twitter:data1" content="1 minute" />
<script type="application/ld+json" class="yoast-schema-graph">{"@context":"https://schema.org","@graph":[{"@type":"WebPage","@id":"https://asb-latam.org/publicaciones/sistematizacion-de-experiencias-del-proyecto-inclusion-de-personas-con-discapacidad-y-adultos-mayores-en-la-gestion-gel-riesgo-de-desastres-en-ca/","url":"https://asb-latam.org/publicaciones/sistematizacion-de-experiencias-del-proyecto-inclusion-de-personas-con-discapacidad-y-adultos-mayores-en-la-gestion-gel-riesgo-de-desastres-en-ca/","name":"Sistematización de experiencias del proyecto: Inclusión de personas con discapacidad y adultos mayores en la gestión del riesgo de desastres en CA - ASB América Latina","isPartOf":{"@id":"https://asb-latam.org/#website"},"primaryImageOfPage":{"@id":"https://asb-latam.org/publicaciones/sistematizacion-de-experiencias-del-proyecto-inclusion-de-personas-con-discapacidad-y-adultos-mayores-en-la-gestion-gel-riesgo-de-desastres-en-ca/#primaryimage"},"image":{"@id":"https://asb-latam.org/publicaciones/sistematizacion-de-experiencias-del-proyecto-inclusion-de-personas-con-discapacidad-y-adultos-mayores-en-la-gestion-gel-riesgo-de-desastres-en-ca/#primaryimage"},"thumbnailUrl":"https://asb-latam.org/wp-content/uploads/2019/10/Sistematizacion-foto.jpg","datePublished":"2019-10-01T16:48:39+00:00","dateModified":"2020-02-19T00:28:20+00:00","breadcrumb":{"@id":"https://asb-latam.org/publicaciones/sistematizacion-de-experiencias-del-proyecto-inclusion-de-personas-con-discapacidad-y-adultos-mayores-en-la-gestion-gel-riesgo-de-desastres-en-ca/#breadcrumb"},"inLanguage":"en-US","potentialAction":[{"@type":"ReadAction","target":["https://asb-latam.org/publicaciones/sistematizacion-de-experiencias-del-proyecto-inclusion-de-personas-con-discapacidad-y-adultos-mayores-en-la-gestion-gel-riesgo-de-desastres-en-ca/"]}]},{"@type":"ImageObject","inLanguage":"en-US","@id":"https://asb-latam.org/publicaciones/sistematizacion-de-experiencias-del-proyecto-inclusion-de-personas-con-discapacidad-y-adultos-mayores-en-la-gestion-gel-riesgo-de-desastres-en-ca/#primaryimage","url":"https://asb-latam.org/wp-content/uploads/2019/10/Sistematizacion-foto.jpg","contentUrl":"https://asb-latam.org/wp-content/uploads/2019/10/Sistematizacion-foto.jpg","width":1264,"height":599},{"@type":"BreadcrumbList","@id":"https://asb-latam.org/publicaciones/sistematizacion-de-experiencias-del-proyecto-inclusion-de-personas-con-discapacidad-y-adultos-mayores-en-la-gestion-gel-riesgo-de-desastres-en-ca/#breadcrumb","itemListElement":[{"@type":"ListItem","position":1,"name":"Portada","item":"https://asb-latam.org/"},{"@type":"ListItem","position":2,"name":"Publicaciones","item":"https://asb-latam.org/publicaciones/"},{"@type":"ListItem","position":3,"name":"Sistematización de experiencias del proyecto: Inclusión de personas con discapacidad y adultos mayores en la gestión del riesgo de desastres en CA"}]},{"@type":"WebSite","@id":"https://asb-latam.org/#website","url":"https://asb-latam.org/","name":"ASB América Latina","description":"Ayudamos aquí y ahora","potentialAction":[{"@type":"SearchAction","target":{"@type":"EntryPoint","urlTemplate":"https://asb-latam.org/?s={search_term_string}"},"query-input":{"@type":"PropertyValueSpecification","valueRequired":true,"valueName":"search_term_string"}}],"inLanguage":"en-US"}]}</script>
<!-- / Yoast SEO plugin. -->

Sistematización de experiencias del proyecto: Inclusión de personas con discapacidad y adultos mayores en la gestión del riesgo de desastres en CA - ASB América Latina

ASB América Latina

Sistematización de experiencias del proyecto: Inclusión de personas con discapacidad y adultos mayores en la gestión del riesgo de desastres en CA

Ayudamos aquí y ahora
