{"id":4059,"date":"2019-12-12T13:38:28","date_gmt":"2019-12-12T19:38:28","guid":{"rendered":"https:\/\/migration.asb-latam.org\/?post_type=publicaciones&#038;p=4059"},"modified":"2019-12-12T13:38:28","modified_gmt":"2019-12-12T19:38:28","slug":"el-enfoque-de-genero-en-asociaciones-de-personas-con-discapacidad","status":"publish","type":"publicaciones","link":"https:\/\/asb-latam.org\/en\/publicaciones\/el-enfoque-de-genero-en-asociaciones-de-personas-con-discapacidad\/","title":{"rendered":"The gender approach in organizations of people with disabilities (Spanish)"},"content":{"rendered":"<p>This guide contains basic aspects on the gender approach (first part), in a clear and understandable way, so that it can be useful to organizations of people with disabilities. In this context, it aims to guide organizations of people with disabilities with the establishment of instruments that allow for the improvement of gender equity and women's participation within the organizations' actions (second part).<\/p>","protected":false},"excerpt":{"rendered":"<p>Esta gu\u00eda recoge aspectos b\u00e1sicos sobre el enfoque de g\u00e9nero (primera parte), de forma clara y comprensible, con [&hellip;]<\/p>\n","protected":false},"featured_media":4061,"template":"","meta":{"_acf_changed":false},"class_list":["post-4059","publicaciones","type-publicaciones","status-publish","has-post-thumbnail","hentry"],"acf":[],"yoast_head":"<!-- This site is optimized with the Yoast SEO plugin v27.2 - https:\/\/yoast.com\/product\/yoast-seo-wordpress\/ -->\n<title>El enfoque de g\u00e9nero en asociaciones de personas con discapacidad - ASB Am\u00e9rica Latina<\/title>\n<meta name=\"robots\" content=\"index, follow, max-snippet:-1, max-image-preview:large, max-video-preview:-1\" \/>\n<link rel=\"canonical\" href=\"https:\/\/asb-latam.org\/en\/publicaciones\/el-enfoque-de-genero-en-asociaciones-de-personas-con-discapacidad\/\" \/>\n<meta property=\"og:locale\" content=\"en_US\" \/>\n<meta property=\"og:type\" content=\"article\" \/>\n<meta property=\"og:title\" content=\"El enfoque de g\u00e9nero en asociaciones de personas con discapacidad - ASB Am\u00e9rica Latina\" \/>\n<meta property=\"og:description\" content=\"Esta gu\u00eda recoge aspectos b\u00e1sicos sobre el enfoque de g\u00e9nero (primera parte), de forma clara y comprensible, con [&hellip;]\" \/>\n<meta property=\"og:url\" content=\"https:\/\/asb-latam.org\/en\/publicaciones\/el-enfoque-de-genero-en-asociaciones-de-personas-con-discapacidad\/\" \/>\n<meta property=\"og:site_name\" content=\"ASB Am\u00e9rica Latina\" \/>\n<meta property=\"og:image\" content=\"https:\/\/migration.asb-latam.org\/wp-content\/uploads\/2019\/12\/jhjbhj.png\" \/>\n\t<meta property=\"og:image:width\" content=\"1330\" \/>\n\t<meta property=\"og:image:height\" content=\"616\" \/>\n\t<meta property=\"og:image:type\" content=\"image\/png\" \/>\n<meta name=\"twitter:card\" content=\"summary_large_image\" \/>\n<script type=\"application\/ld+json\" class=\"yoast-schema-graph\">{\"@context\":\"https:\/\/schema.org\",\"@graph\":[{\"@type\":\"WebPage\",\"@id\":\"https:\/\/asb-latam.org\/publicaciones\/el-enfoque-de-genero-en-asociaciones-de-personas-con-discapacidad\/\",\"url\":\"https:\/\/asb-latam.org\/publicaciones\/el-enfoque-de-genero-en-asociaciones-de-personas-con-discapacidad\/\",\"name\":\"El enfoque de g\u00e9nero en asociaciones de personas con discapacidad - ASB Am\u00e9rica Latina\",\"isPartOf\":{\"@id\":\"https:\/\/asb-latam.org\/#website\"},\"primaryImageOfPage\":{\"@id\":\"https:\/\/asb-latam.org\/publicaciones\/el-enfoque-de-genero-en-asociaciones-de-personas-con-discapacidad\/#primaryimage\"},\"image\":{\"@id\":\"https:\/\/asb-latam.org\/publicaciones\/el-enfoque-de-genero-en-asociaciones-de-personas-con-discapacidad\/#primaryimage\"},\"thumbnailUrl\":\"https:\/\/asb-latam.org\/wp-content\/uploads\/2019\/12\/jhjbhj.png\",\"datePublished\":\"2019-12-12T19:38:28+00:00\",\"breadcrumb\":{\"@id\":\"https:\/\/asb-latam.org\/publicaciones\/el-enfoque-de-genero-en-asociaciones-de-personas-con-discapacidad\/#breadcrumb\"},\"inLanguage\":\"en-US\",\"potentialAction\":[{\"@type\":\"ReadAction\",\"target\":[\"https:\/\/asb-latam.org\/publicaciones\/el-enfoque-de-genero-en-asociaciones-de-personas-con-discapacidad\/\"]}]},{\"@type\":\"ImageObject\",\"inLanguage\":\"en-US\",\"@id\":\"https:\/\/asb-latam.org\/publicaciones\/el-enfoque-de-genero-en-asociaciones-de-personas-con-discapacidad\/#primaryimage\",\"url\":\"https:\/\/asb-latam.org\/wp-content\/uploads\/2019\/12\/jhjbhj.png\",\"contentUrl\":\"https:\/\/asb-latam.org\/wp-content\/uploads\/2019\/12\/jhjbhj.png\",\"width\":1330,\"height\":616},{\"@type\":\"BreadcrumbList\",\"@id\":\"https:\/\/asb-latam.org\/publicaciones\/el-enfoque-de-genero-en-asociaciones-de-personas-con-discapacidad\/#breadcrumb\",\"itemListElement\":[{\"@type\":\"ListItem\",\"position\":1,\"name\":\"Portada\",\"item\":\"https:\/\/asb-latam.org\/\"},{\"@type\":\"ListItem\",\"position\":2,\"name\":\"Publicaciones\",\"item\":\"https:\/\/asb-latam.org\/publicaciones\/\"},{\"@type\":\"ListItem\",\"position\":3,\"name\":\"El enfoque de g\u00e9nero en asociaciones de personas con discapacidad\"}]},{\"@type\":\"WebSite\",\"@id\":\"https:\/\/asb-latam.org\/#website\",\"url\":\"https:\/\/asb-latam.org\/\",\"name\":\"ASB Am\u00e9rica Latina\",\"description\":\"Ayudamos aqu\u00ed y ahora\",\"potentialAction\":[{\"@type\":\"SearchAction\",\"target\":{\"@type\":\"EntryPoint\",\"urlTemplate\":\"https:\/\/asb-latam.org\/?s={search_term_string}\"},\"query-input\":{\"@type\":\"PropertyValueSpecification\",\"valueRequired\":true,\"valueName\":\"search_term_string\"}}],\"inLanguage\":\"en-US\"}]}<\/script>\n<!-- \/ Yoast SEO plugin. -->","yoast_head_json":{"title":"El enfoque de g\u00e9nero en asociaciones de personas con discapacidad - ASB Am\u00e9rica Latina","robots":{"index":"index","follow":"follow","max-snippet":"max-snippet:-1","max-image-preview":"max-image-preview:large","max-video-preview":"max-video-preview:-1"},"canonical":"https:\/\/asb-latam.org\/en\/publicaciones\/el-enfoque-de-genero-en-asociaciones-de-personas-con-discapacidad\/","og_locale":"en_US","og_type":"article","og_title":"El enfoque de g\u00e9nero en asociaciones de personas con discapacidad - ASB Am\u00e9rica Latina","og_description":"Esta gu\u00eda recoge aspectos b\u00e1sicos sobre el enfoque de g\u00e9nero (primera parte), de forma clara y comprensible, con [&hellip;]","og_url":"https:\/\/asb-latam.org\/en\/publicaciones\/el-enfoque-de-genero-en-asociaciones-de-personas-con-discapacidad\/","og_site_name":"ASB Am\u00e9rica Latina","og_image":[{"width":1330,"height":616,"url":"https:\/\/migration.asb-latam.org\/wp-content\/uploads\/2019\/12\/jhjbhj.png","type":"image\/png"}],"twitter_card":"summary_large_image","schema":{"@context":"https:\/\/schema.org","@graph":[{"@type":"WebPage","@id":"https:\/\/asb-latam.org\/publicaciones\/el-enfoque-de-genero-en-asociaciones-de-personas-con-discapacidad\/","url":"https:\/\/asb-latam.org\/publicaciones\/el-enfoque-de-genero-en-asociaciones-de-personas-con-discapacidad\/","name":"El enfoque de g\u00e9nero en asociaciones de personas con discapacidad - ASB Am\u00e9rica Latina","isPartOf":{"@id":"https:\/\/asb-latam.org\/#website"},"primaryImageOfPage":{"@id":"https:\/\/asb-latam.org\/publicaciones\/el-enfoque-de-genero-en-asociaciones-de-personas-con-discapacidad\/#primaryimage"},"image":{"@id":"https:\/\/asb-latam.org\/publicaciones\/el-enfoque-de-genero-en-asociaciones-de-personas-con-discapacidad\/#primaryimage"},"thumbnailUrl":"https:\/\/asb-latam.org\/wp-content\/uploads\/2019\/12\/jhjbhj.png","datePublished":"2019-12-12T19:38:28+00:00","breadcrumb":{"@id":"https:\/\/asb-latam.org\/publicaciones\/el-enfoque-de-genero-en-asociaciones-de-personas-con-discapacidad\/#breadcrumb"},"inLanguage":"en-US","potentialAction":[{"@type":"ReadAction","target":["https:\/\/asb-latam.org\/publicaciones\/el-enfoque-de-genero-en-asociaciones-de-personas-con-discapacidad\/"]}]},{"@type":"ImageObject","inLanguage":"en-US","@id":"https:\/\/asb-latam.org\/publicaciones\/el-enfoque-de-genero-en-asociaciones-de-personas-con-discapacidad\/#primaryimage","url":"https:\/\/asb-latam.org\/wp-content\/uploads\/2019\/12\/jhjbhj.png","contentUrl":"https:\/\/asb-latam.org\/wp-content\/uploads\/2019\/12\/jhjbhj.png","width":1330,"height":616},{"@type":"BreadcrumbList","@id":"https:\/\/asb-latam.org\/publicaciones\/el-enfoque-de-genero-en-asociaciones-de-personas-con-discapacidad\/#breadcrumb","itemListElement":[{"@type":"ListItem","position":1,"name":"Portada","item":"https:\/\/asb-latam.org\/"},{"@type":"ListItem","position":2,"name":"Publicaciones","item":"https:\/\/asb-latam.org\/publicaciones\/"},{"@type":"ListItem","position":3,"name":"El enfoque de g\u00e9nero en asociaciones de personas con discapacidad"}]},{"@type":"WebSite","@id":"https:\/\/asb-latam.org\/#website","url":"https:\/\/asb-latam.org\/","name":"ASB Am\u00e9rica Latina","description":"Ayudamos aqu\u00ed y ahora","potentialAction":[{"@type":"SearchAction","target":{"@type":"EntryPoint","urlTemplate":"https:\/\/asb-latam.org\/?s={search_term_string}"},"query-input":{"@type":"PropertyValueSpecification","valueRequired":true,"valueName":"search_term_string"}}],"inLanguage":"en-US"}]}},"_links":{"self":[{"href":"https:\/\/asb-latam.org\/en\/wp-json\/wp\/v2\/publicaciones\/4059","targetHints":{"allow":["GET"]}}],"collection":[{"href":"https:\/\/asb-latam.org\/en\/wp-json\/wp\/v2\/publicaciones"}],"about":[{"href":"https:\/\/asb-latam.org\/en\/wp-json\/wp\/v2\/types\/publicaciones"}],"wp:featuredmedia":[{"embeddable":true,"href":"https:\/\/asb-latam.org\/en\/wp-json\/wp\/v2\/media\/4061"}],"wp:attachment":[{"href":"https:\/\/asb-latam.org\/en\/wp-json\/wp\/v2\/media?parent=4059"}],"curies":[{"name":"wp","href":"https:\/\/api.w.org\/{rel}","templated":true}]}}

<p>Esta guía recoge aspectos básicos sobre el enfoque de género (primera parte), de forma clara y comprensible, con [&hellip;]</p>

<!-- This site is optimized with the Yoast SEO plugin v27.2 - https://yoast.com/product/yoast-seo-wordpress/ -->
<title>El enfoque de género en asociaciones de personas con discapacidad - ASB América Latina</title>
<meta name="robots" content="index, follow, max-snippet:-1, max-image-preview:large, max-video-preview:-1" />
<link rel="canonical" href="https://asb-latam.org/en/publicaciones/el-enfoque-de-genero-en-asociaciones-de-personas-con-discapacidad/" />
<meta property="og:locale" content="en_US" />
<meta property="og:type" content="article" />
<meta property="og:title" content="El enfoque de género en asociaciones de personas con discapacidad - ASB América Latina" />
<meta property="og:description" content="Esta guía recoge aspectos básicos sobre el enfoque de género (primera parte), de forma clara y comprensible, con [&hellip;]" />
<meta property="og:url" content="https://asb-latam.org/en/publicaciones/el-enfoque-de-genero-en-asociaciones-de-personas-con-discapacidad/" />
<meta property="og:site_name" content="ASB América Latina" />
<meta property="og:image" content="https://migration.asb-latam.org/wp-content/uploads/2019/12/jhjbhj.png" />
	<meta property="og:image:width" content="1330" />
	<meta property="og:image:height" content="616" />
	<meta property="og:image:type" content="image/png" />
<meta name="twitter:card" content="summary_large_image" />
<script type="application/ld+json" class="yoast-schema-graph">{"@context":"https://schema.org","@graph":[{"@type":"WebPage","@id":"https://asb-latam.org/publicaciones/el-enfoque-de-genero-en-asociaciones-de-personas-con-discapacidad/","url":"https://asb-latam.org/publicaciones/el-enfoque-de-genero-en-asociaciones-de-personas-con-discapacidad/","name":"El enfoque de género en asociaciones de personas con discapacidad - ASB América Latina","isPartOf":{"@id":"https://asb-latam.org/#website"},"primaryImageOfPage":{"@id":"https://asb-latam.org/publicaciones/el-enfoque-de-genero-en-asociaciones-de-personas-con-discapacidad/#primaryimage"},"image":{"@id":"https://asb-latam.org/publicaciones/el-enfoque-de-genero-en-asociaciones-de-personas-con-discapacidad/#primaryimage"},"thumbnailUrl":"https://asb-latam.org/wp-content/uploads/2019/12/jhjbhj.png","datePublished":"2019-12-12T19:38:28+00:00","breadcrumb":{"@id":"https://asb-latam.org/publicaciones/el-enfoque-de-genero-en-asociaciones-de-personas-con-discapacidad/#breadcrumb"},"inLanguage":"en-US","potentialAction":[{"@type":"ReadAction","target":["https://asb-latam.org/publicaciones/el-enfoque-de-genero-en-asociaciones-de-personas-con-discapacidad/"]}]},{"@type":"ImageObject","inLanguage":"en-US","@id":"https://asb-latam.org/publicaciones/el-enfoque-de-genero-en-asociaciones-de-personas-con-discapacidad/#primaryimage","url":"https://asb-latam.org/wp-content/uploads/2019/12/jhjbhj.png","contentUrl":"https://asb-latam.org/wp-content/uploads/2019/12/jhjbhj.png","width":1330,"height":616},{"@type":"BreadcrumbList","@id":"https://asb-latam.org/publicaciones/el-enfoque-de-genero-en-asociaciones-de-personas-con-discapacidad/#breadcrumb","itemListElement":[{"@type":"ListItem","position":1,"name":"Portada","item":"https://asb-latam.org/"},{"@type":"ListItem","position":2,"name":"Publicaciones","item":"https://asb-latam.org/publicaciones/"},{"@type":"ListItem","position":3,"name":"El enfoque de género en asociaciones de personas con discapacidad"}]},{"@type":"WebSite","@id":"https://asb-latam.org/#website","url":"https://asb-latam.org/","name":"ASB América Latina","description":"Ayudamos aquí y ahora","potentialAction":[{"@type":"SearchAction","target":{"@type":"EntryPoint","urlTemplate":"https://asb-latam.org/?s={search_term_string}"},"query-input":{"@type":"PropertyValueSpecification","valueRequired":true,"valueName":"search_term_string"}}],"inLanguage":"en-US"}]}</script>
<!-- / Yoast SEO plugin. -->

El enfoque de género en asociaciones de personas con discapacidad - ASB América Latina

Esta guía recoge aspectos básicos sobre el enfoque de género (primera parte), de forma clara y comprensible, con [&hellip;]

ASB América Latina

El enfoque de género en asociaciones de personas con discapacidad

Ayudamos aquí y ahora
